sands digit of 288986?
8
What is the units digit of 2167976?
6
What is the hundred thousands digit of 217579?
2
What is the ten thousands digit of 904642?
0
What is the units digit of 351870?
0
What is the thousands digit of 518801?
8
What is the ten thousands digit of 6927866?
2
What is the units digit of 6830137?
7
What is the tens digit of 2249799?
9
What is the ten thousands digit of 447398?
4
What is the hundreds digit of 355635?
6
What is the hundred thousands digit of 356177?
3
What is the ten thousands digit of 188465?
8
What is the units digit of 416770?
0
What is the ten thousands digit of 6318064?
1
What is the ten thousands digit of 2721514?
2
What is the hundreds digit of 848252?
2
What is the units digit of 479485?
5
What is the hundreds digit of 732456?
4
What is the ten thousands digit of 2590400?
9
What is the units digit of 8495031?
1
What is the units digit of 138130?
0
What is the thousands digit of 5174765?
4
What is the hundreds digit of 844415?
4
What is the hundreds digit of 868274?
2
What is the units digit of 7008730?
0
What is the hundreds digit of 16730638?
6
What is the units digit of 502380?
0
What is the ten thousands digit of 7888471?
8
What is the hundreds digit of 596561?
5
What is the hundred thousands digit of 4536026?
5
What is the hundred thousands digit of 356356?
3
What is the ten thousands digit of 201120?
0
What is the ten millions digit of 33833374?
3
What is the tens digit of 882167?
6
What is the units digit of 2499353?
3
What is the units digit of 203627?
7
What is the thousands digit of 40474455?
4
What is the thousands digit of 765381?
5
What is the hundreds digit of 1836658?
6
What is the millions digit of 8729644?
8
What is the tens digit of 15058206?
0
What is the millions digit of 2457624?
2
What is the hundred thousands digit of 8682336?
6
What is the units digit of 312349?
9
What is the units digit of 547482?
2
What is the tens digit of 383818?
1
What is the hundred thousands digit of 432331?
4
What is the thousands digit of 6795629?
5
What is the ten millions digit of 16295626?
1
What is the ten thousands digit of 690824?
9
What is the hundreds digit of 2380751?
7
What is the millions digit of 1582281?
1
What is the tens digit of 142498?
9
What is the millions digit of 2528039?
2
What is the hundreds digit of 7336531?
5
What is the thousands digit of 173627?
3
What is the thousands digit of 193011?
3
What is the hundred thousands digit of 1335987?
3
What is the millions digit of 23233512?
3
What is the ten thousands digit of 38481056?
8
What is the thousands digit of 2846156?
6
What is the ten thousands digit of 90587?
9
What is the units digit of 8196385?
5
What is the millions digit of 3316062?
3
What is the thousands digit of 292799?
2
What is the hundreds digit of 1410820?
8
What is the hundred thousands digit of 4148848?
1
What is the hundreds digit of 321186?
1
What is the tens digit of 2104250?
5
What is the hundreds digit of 987399?
3
What is the millions digit of 1204394?
1
What is the tens digit of 113533?
3
What is the units digit of 73974?
4
What is the ten thousands digit of 749419?
4
What is the tens digit of 2604062?
6
What is the millions digit of 5381860?
5
What is the ten thousands digit of 373368?
7
What is the hundreds digit of 505914?
9
What is the hundreds digit of 2010621?
6
What is the tens digit of 76249?
4
What is the hundreds digit of 10927892?
8
What is the thousands digit of 8693945?
3
What is the hundred thousands digit of 2273041?
2
What is the ten thousands digit of 276778?
7
What is the ten thousands digit of 430378?
3
What is the tens digit of 204587?
8
What is the ten thousands digit of 461522?
6
What is the thousands digit of 223634?
3
What is the ten thousands digit of 501370?
0
What is the ten thousands digit of 279450?
7
What is the hundreds digit of 475568?
5
What is the tens digit of 14959330?
3
What is the ten millions digit of 33042084?
3
What is the thousands digit of 1893621?
3
What is the ten thousands digit of 219306?
1
What is the units digit of 9433695?
5
What is the units digit of 136803?
3
What is the thousands digit of 4203555?
3
What is the hundreds digit of 679043?
0
What is the units digit of 40325?
5
What is the units digit of 226877?
7
What is the units digit of 585882?
2
What is the tens digit of 1496568?
6
What is the hundreds digit of 106255?
2
What is the tens digit of 1064796?
9
What is the ten thousands digit of 148075?
4
What is the ten thousands digit of 948026?
4
What is the hundreds digit of 119480?
4
What is the units digit of 231013?
3
What is the tens digit of 266471?
7
What is the thousands digit of 581836?
1
What is the hundreds digit of 129032?
0
What is the ten thousands digit of 1673577?
7
What is the millions digit of 1351660?
1
What is the ten thousands digit of 194690?
9
What is the thousands digit of 64787?
4
What is the units digit of 2922386?
6
What is the hundreds digit of 16799745?
7
What is the tens digit of 84665?
6
What is the hundreds digit of 6773077?
0
What is the units digit of 18078126?
6
What is the hundreds digit of 35071112?
1
What is the thousands digit of 96739?
6
What is the hundred thousands digit of 887989?
8
What is the thousands digit of 1204346?
4
What is the hundred thousands digit of 977744?
9
What is the ten thousands digit of 1419777?
1
What is the hundred thousands digit of 8242539?
2
What is the units digit of 160387?
7
What is the hundred thousands digit of 3486773?
4
What is the millions digit of 3960073?
3
What is the thousands digit of 177813?
7
What is the thousands digit of 3952097?
2
What is the hundreds digit of 219556?
5
What is the thousands digit of 1680186?
0
What is the thousands digit of 7291396?
1
What is the ten thousands digit of 118049?
1
What is the thousands digit of 237001?
7
What is the tens digit of 1334156?
5
What is the hundreds digit of 1302943?
9
What is the units digit of 1108174?
4
What is the ten thousands digit of 1054036?
5
What is the units digit of 339401?
1
What is the thousands digit of 3082048?
2
What is the ten thousands digit of 420749?
2
What is the tens digit of 469993?
9
What is the tens digit of 221496?
9
What is the ten thousands digit of 330904?
3
What is the ten thousands digit of 17891404?
9
What is the hundreds digit of 2441772?
7
What is the tens digit of 35942?
4
What is the hundreds digit of 3456624?
6
What is the thousands digit of 2276995?
6
What is the ten thousands digit of 944000?
4
What is the ten thousands digit of 226920?
2
What is the thousands digit of 145230?
5
What is the millions digit of 2469953?
2
What is the hundred thousands digit of 214521?
2
What is the thousands digit of 38366?
8
What is the ten thousands digit of 9846427?
4
What is the hundred thousands digit of 239738?
2
What is the ten thousands digit of 7587504?
8
What is the ten thousands digit of 313859?
1
What is the ten thousands digit of 3829146?
2
What is the hundreds digit of 190261?
2
What is the hundred thousands digit of 138405?
1
What is the thousands digit of 483172?
3
What is the thousands digit of 2995?
2
What is the tens digit of 1605083?
8
What is the ten thousands digit of 229455?
2
What is the units digit of 868712?
2
What is the ten millions digit of 28163032?
2
What is the thousands digit of 866389?
6
What is the ten thousands digit of 1562480?
6
What is the units digit of 397096?
6
What is the thousands digit of 348615?
8
What is the millions digit of 3062383?
3
What is the tens digit of 440629?
2
What is the thousands digit of 410433?
0
What is the tens digit of 9596709?
0
What is the units digit of 587561?
1
What is the thousands digit of 23948815?
8
What is the ten thousands digit of 4667369?
6
What is the hundreds digit of 2267560?
5
What is the hundred thousands digit of 4407381?
4
What is the ten thousands digit of 279064?
7
What is the ten thousands digit of 3224907?
2
What is the hundreds digit of 148484?
4
What is the hundred thousands digit of 26812384?
8
What is the tens digit of 158408?
0
What is the thousands digit of 42214?
2
What is the tens digit of 245269?
6
What is the thousands digit of 11933673?
3
What is the hundred thousands digit of 189286?
1
What is the tens digit of 91978?
7
What is the tens digit of 134903?
0